der when 3994 is divided by 496.
26
What is the remainder when 628 is divided by 139?
72
Calculate the remainder when 185 is divided by 2.
1
Calculate the remainder when 471 is divided by 28.
23
Calculate the remainder when 20538 is divided by 130.
128
Calculate the remainder when 141 is divided by 36.
33
Calculate the remainder when 10012 is divided by 3331.
19
Calculate the remainder when 1612 is divided by 122.
26
Calculate the remainder when 215 is divided by 110.
105
What is the remainder when 625 is divided by 46?
27
Calculate the remainder when 277 is divided by 72.
61
What is the remainder when 543 is divided by 239?
65
Calculate the remainder when 668 is divided by 84.
80
Calculate the remainder when 661 is divided by 33.
1
Calculate the remainder when 322 is divided by 93.
43
Calculate the remainder when 8057 is divided by 20.
17
Calculate the remainder when 30 is divided by 18.
12
Calculate the remainder when 93 is divided by 59.
34
Calculate the remainder when 39557 is divided by 230.
227
Calculate the remainder when 116 is divided by 30.
26
Calculate the remainder when 100 is divided by 51.
49
Calculate the remainder when 7493 is divided by 147.
143
What is the remainder when 596 is divided by 572?
24
What is the remainder when 141 is divided by 13?
11
What is the remainder when 1492 is divided by 93?
4
What is the remainder when 445 is divided by 84?
25
What is the remainder when 1223 is divided by 136?
135
What is the remainder when 403 is divided by 71?
48
Calculate the remainder when 10357 is divided by 20.
17
Calculate the remainder when 107 is divided by 51.
5
Calculate the remainder when 1913 is divided by 31.
22
Calculate the remainder when 1527 is divided by 170.
167
What is the remainder when 551 is divided by 24?
23
What is the remainder when 87 is divided by 44?
43
What is the remainder when 136 is divided by 29?
20
Calculate the remainder when 59 is divided by 4.
3
What is the remainder when 10 is divided by 9?
1
Calculate the remainder when 446 is divided by 18.
14
Calculate the remainder when 150 is divided by 5.
0
What is the remainder when 121 is divided by 83?
38
Calculate the remainder when 97 is divided by 7.
6
What is the remainder when 3615 is divided by 258?
3
Calculate the remainder when 10974 is divided by 49.
47
What is the remainder when 527 is divided by 88?
87
What is the remainder when 505 is divided by 102?
97
Calculate the remainder when 193 is divided by 14.
11
Calculate the remainder when 649 is divided by 28.
5
What is the remainder when 42 is divided by 9?
6
Calculate the remainder when 99 is divided by 56.
43
What is the remainder when 544 is divided by 76?
12
Calculate the remainder when 918 is divided by 159.
123
What is the remainder when 2040 is divided by 65?
25
Calculate the remainder when 1218 is divided by 26.
22
Calculate the remainder when 285 is divided by 18.
15
What is the remainder when 329 is divided by 165?
164
What is the remainder when 494 is divided by 164?
2
What is the remainder when 18196 is divided by 28?
24
Calculate the remainder when 3993 is divided by 36.
33
What is the remainder when 398 is divided by 25?
23
What is the remainder when 563 is divided by 27?
23
What is the remainder when 509 is divided by 41?
17
What is the remainder when 805 is divided by 83?
58
What is the remainder when 155 is divided by 39?
38
What is the remainder when 565 is divided by 48?
37
What is the remainder when 789 is divided by 132?
129
What is the remainder when 385 is divided by 15?
10
What is the remainder when 80 is divided by 68?
12
What is the remainder when 784 is divided by 61?
52
Calculate the remainder when 528 is divided by 129.
12
Calculate the remainder when 529 is divided by 106.
105
Calculate the remainder when 2491 is divided by 29.
26
What is the remainder when 451 is divided by 23?
14
Calculate the remainder when 28 is divided by 10.
8
What is the remainder when 176 is divided by 31?
21
What is the remainder when 956 is divided by 27?
11
What is the remainder when 79 is divided by 10?
9
Calculate the remainder when 11518 is divided by 160.
158
What is the remainder when 152 is divided by 26?
22
What is the remainder when 163 is divided by 19?
11
Calculate the remainder when 18 is divided by 5.
3
Calculate the remainder when 665 is divided by 37.
36
Calculate the remainder when 356 is divided by 327.
29
What is the remainder when 140 is divided by 13?
10
What is the remainder when 23421 is divided by 192?
189
Calculate the remainder when 165 is divided by 14.
11
What is the remainder when 163 is divided by 43?
34
Calculate the remainder when 13 is divided by 9.
4
Calculate the remainder when 1232 is divided by 137.
136
What is the remainder when 175 is divided by 22?
21
What is the remainder when 177 is divided by 9?
6
What is the remainder when 36 is divided by 24?
12
Calculate the remainder when 806 is divided by 159.
11
What is the remainder when 143 is divided by 13?
0
Calculate the remainder when 2051 is divided by 60.
11
Calculate the remainder when 188 is divided by 45.
8
What is the remainder when 8615 is divided by 8?
7
What is the remainder when 6049 is divided by 34?
31
Calculate the remainder when 16 is divided by 1.
0
What is the remainder when 116 is divided by 20?
16
What is the remainder when 3297 is divided by 22?
19
Calculate the remainder when 605 is divided by 121.
0
Calculate the remainder when 669 is divided by 42.
39
What is the remainder when 1435 is divided by 74?
29
Calculate the remainder when 1316 is divided by 343.
287
Calculate the remainder when 2377 is divided by 58.
57
Calculate the remainder when 530 is divided by 28.
26
What is the remainder when 71 is divided by 64?
7
Calculate the remainder when 2914 is divided by 32.
2
Calculate the remainder when 193 is divided by 35.
18
What is the remainder when 324 is divided by 129?
66
Calculate the remainder when 176 is divided by 98.
78
Calculate the remainder when 3011 is divided by 131.
129
What is the remainder when 808 is divided by 20?
8
What is the remainder when 1187 is divided by 41?
39
What is the remainder when 390 is divided by 4?
2
Calculate the remainder when 29 is divided by 5.
4
What is the remainder when 919 is divided by 92?
91
Calculate the remainder when 175 is divided by 3.
1
What is the remainder when 1214 is divided by 38?
36
What is the remainder when 1037 is divided by 58?
51
Calculate the remainder when 49 is divided by 9.
4
What is the remainder when 1048 is divided by 510?
28
Calculate the remainder when 673 is divided by 19.
8
What is the remainder when 55 is divided by 20?
15
What is the remainder when 754 is divided by 19?
13
Calculate the remainder when 4018 is divided by 15.
13
Calculate the remainder when 163 is divided by 51.
10
Calculate the remainder when 597 is divided by 6.
3
Calculate the remainder when 1901 is divided by 56.
53
Calculate the remainder when 103 is divided by 54.
49
What is the remainder when 410 is divided by 18?
14
What is the remainder when 409 is divided by 67?
7
Calculate the remainder when 199 is divided by 41.
35
What is the remainder when 5957 is divided by 1487?
9
Calculate the remainder when 293 is divided by 74.
71
Calculate the remainder when 325 is divided by 33.
28
Calculate the remainder when 3836 is divided by 80.
76
What is the remainder when 2738 is divided by 33?
32
Calculate the remainder when 1879 is divided by 33.
31
Calculate the remainder when 195 is divided by 66.
63
Calculate the remainder when 252 is divided by 24.
12
Calculate the remainder when 24 is divided by 15.
9
What is the remainder when 381 is divided by 72?
21
What is the remainder when 14298 is divided by 63?
60
Calculate the remainder when 356 is divided by 62.
46
What is the remainder when 55 is divided by 2?
1
What is the remainder when 11600 is divided by 2898?
8
What is the remainder when 88 is divided by 85?
3
What is the remainder when 141 is divided by 16?
13
What is the remainder when 612 is divided by 147?
24
Calculate the remainder when 851 is divided by 27.
14
Calculate the remainder when 901 is divided by 8.
5
What is the remainder when 53 is divided by 5?
3
What is the remainder when 510 is divided by 127?
2
Calculate the remainder w